n**2 - n + 1. Let v(t) = -2*t**3 + 4*t**2 - 3*t + 5. Let m(c) = -3*d(c) + v(c). Let b = 0 - 0. What is the units digit of m(b)?
2
Let r(w) = w**2 - 4*w. Let g(h) = -5*h**2 + 3*h + 2. Let a be g(-1). What is the units digit of r(a)?
0
Suppose -3 = -2*q + 1. Suppose 0 = -2*g + 26 + q. What is the units digit of g?
4
Suppose 0*s = -2*s + 10. Suppose -4*a + 147 = s*f, 0 = -2*a - 6 + 2. Suppose -2*l = -0*l + 5*r - f, -5*r + 7 = -l. What is the units digit of l?
8
Suppose -66 = -2*h + 78. Suppose -8 = -3*q + 4*g + 41, -h = -5*q - 3*g. What is the tens digit of q?
1
Suppose -a + p + 2*p + 2 = 0, 0 = a + 4*p - 9. Let t be -3*-1*(-4 + a). Let u(y) = y**3 + 3*y + 1. What is the tens digit of u(t)?
3
Let l(s) = -8*s**3 - 6*s**2 + 3*s. What is the tens digit of l(-5)?
3
Suppose 5*a + b - 1412 = -2*b, -3*a = -4*b - 824. What is the units digit of a?
0
Suppose 4*t = 2*o - 0*t - 3588, -3*o = -5*t - 5377. What is the hundreds digit of o?
7
Let h(l) be the first derivative of -l**3/3 - 15*l**2/2 - 5*l + 6. Suppose -8*s = -0*s + 88. What is the tens digit of h(s)?
3
Let d be (6/5)/((-3)/(-10)). Suppose -395 = -0*l - 5*l + 5*m, 0 = d*m + 4. What is the units digit of ((-4)/(-6))/(4/l)?
3
Let v = -13 + 11. Let m(q) = -q**3 + q**2 - 6*q - 3. What is the tens digit of m(v)?
2
Let l be 0/2*1/(-3). Suppose a = 25 - l. Suppose 0 = -n - 4*w + a, 3*n - 42 = 3*w - 12. What is the units digit of n?
3
Let p(j) = -6*j - 5. Suppose 3*w - 5*w - k = -5, -2*k + 10 = 5*w. Suppose w = -6*b + 3*b - 5*z - 15, -b - 5 = -3*z. What is the units digit of p(b)?
5
Let z = -99 + 432. What is the units digit of z?
3
Let q = -17 - -27. Let s = q - 10. Suppose s = 4*t + 16, l - 3*t - 56 = -0*l. What is the units digit of l?
4
Let p(c) = -c**3 + 16*c**2 - 29*c + 16. Let o be p(14). Suppose -5*k - 2*t = -559, 4*t + 14 = o. What is the units digit of k?
3
Suppose -4*o - 6*o = -490. Suppose 0 = -2*a + 2*y + 162, o = a - 2*y - 37. What is the tens digit of a?
7
Let v(d) = -3*d**2 + 6*d**2 - 2*d**2 - d + 9. Let y be v(0). Let g(p) = p - 5. What is the units digit of g(y)?
4
Let y(d) = d - 5. Let t be y(5). Suppose 3*h + 5*o - 4 - 6 = 0, 3*o = -3*h + 12. Suppose h*f + 2 - 127 = t. What is the tens digit of f?
2
Suppose -315 = -2*q + 649. What is the hundreds digit of q?
4
Let q(m) = -m**3 - m**2 + m + 2. Let s be q(0). Let d be -3*(-4)/(-3) + s. What is the tens digit of 25 + (d + 0 - 1)?
2
What is the hundreds digit of (15 - 20) + (184 + -2)*2?
3
Suppose 0 = 2*v - 5*j - 1131, 5*v - v + j - 2207 = 0. What is the tens digit of v?
5
Let x = 196 - 29. What is the hundreds digit of x?
1
Let b = -785 + 250. Let t = b - -769. What is the units digit of t?
4
Suppose 7*x + 28 = 5*x. Let i = 14 + x. Suppose i = -3*v + 4 + 44. What is the units digit of v?
6
Let o = -92 + 164. Let z = o - 42. What is the tens digit of z?
3
Let a = -20 - -24. Suppose -3*r + 4*b = -154, 0*r + 96 = 2*r + a*b. What is the units digit of r?
0
Let s(p) = -p**3 + 14*p**2 + 19*p - 10. Suppose 5*a - 10 = 0, -5*a = -2*c - 3*a + 26. Let y be s(c). Suppose -j - 12 = -y. What is the tens digit of j?
3
Let q(o) = -3*o**3 + 2*o**2 + 5*o + 17. Let w(m) = -7*m**3 + 3*m**2 + 11*m + 35. Let l(b) = -5*q(b) + 2*w(b). What is the units digit of l(6)?
9
Let h(p) = p - 17*p**2 - 21*p**2 + 37*p**2 - 2*p - 39*p**3. What is the units digit of h(-1)?
9
Suppose 5*h + 7*f - 9*f - 3520 = 0, h = -3*f + 721. What is the units digit of h?
6
Let g(x) = -x**3 - 5*x**2 - 2*x - 14. Let j be g(-5). Suppose 43 = 5*z - 0*c - 4*c, 0 = 5*z - 2*c - 39. What is the tens digit of (-950)/(-70) + j/z?
1
Let z = 2164 - 511. What is the tens digit of z?
5
Suppose -3*f - 4 = 2. Let t be 3/(f + (-20)/(-16)). Let n(d) = -3*d. What is the units digit of n(t)?
2
Suppose -10*a + 5*a + l = -7820, 4*l + 7835 = 5*a. What is the hundreds digit of a?
5
Suppose -17*g = -27781 - 21162. What is the tens digit of g?
7
Let z be (-72)/81 + 2/(-18). What is the hundreds digit of (z/3 - 0) + 32065/165?
1
Let h(o) = o**2 + 10*o + 137. What is the hundreds digit of h(-43)?
5
Let k = -24 - -22. Let t be (38 + -3)*(12 + k). Suppose -125 + t = 5*l. What is the tens digit of l?
4
Suppose -17*r + 16172 + 3548 = 0. What is the hundreds digit of r?
1
Let o be -1 - 2/(-1*4/2). Suppose 5*f = g + g + 554, o = 3*f + 4*g - 322. What is the hundreds digit of f?
1
Suppose 4839 + 89 = 8*f. What is the hundreds digit of f?
6
Let l(f) = -33*f - 8. Let w be l(-1). Let x(b) = b**3 - 26*b**2 + 32*b - 21. What is the tens digit of x(w)?
5
Let m(l) be the second derivative of -l**4/12 - l**3/3 + 9*l**2/2 + 5*l. Let q be m(-4). What is the tens digit of (-6)/(8/(-84)*q)?
6
Let p = -2 - -6. Let m = 4 - 4. Suppose -p*t = m, 2*g + 2*t + 6 = 5*g. What is the units digit of g?
2
Suppose -1042 = 15*o - 4282. What is the tens digit of o?
1
Let a(f) = f**2 + 2*f. Let g be ((-20)/(-25))/(2/5). Let p be a(g). What is the units digit of (p/6)/(2/6)?
4
Suppose 19421 + 9868 = 39*o. What is the hundreds digit of o?
7
Let z = -10 + 14. Let s(x) = 0*x + x + 9*x + x**2 - z. What is the units digit of s(-11)?
7
Let s be -2*(-13)/4 - (-1)/2. Let o(j) = 4*j**2 - 22*j + 10. What is the units digit of o(s)?
2
Let k(r) = -r**3 - 10*r**2 - 4*r - 10. Let v be k(-11). Suppose -v = 6*b - 365. Suppose -64 = -3*l + b. What is the units digit of l?
3
Let w(q) = -q**2 + 7*q - 12. Let i be w(3). Suppose -j + 26 = -3*k, i = 6*k - k + 25. What is the tens digit of j?
1
Let z(t) = t**2 - 3*t - 7. Let m be z(5). Suppose 2*v = 3*n - 88, m*v - 61 + 24 = -2*n. What is the units digit of n?
6
Let k(b) = -3*b - 3. Let u be k(-3). Suppose -8 = 4*s, -2*c + 7*c + 5*s = 5. Suppose u*o - o - 70 = -4*f, -c*o = 4*f - 50. What is the units digit of o?
0
Let h be 20 - -1 - (5 - -7 - 8). Suppose -b + 28 = -h. What is the units digit of b?
5
Suppose -19*j = -17*j - 166. Suppose -659 + j = -9*t. What is the tens digit of t?
6
Let r = 10 + -8. Let w = 140 - 99. Let i = w - r. What is the tens digit of i?
3
Suppose 4*m - 3*m = -2*b + 45, -3*b - 2*m = -66. What is the units digit of b?
4
Let z(g) = -7*g - 9. Let n be z(-10). Suppose 5*l - n = 2*x, 2*l = -3*x + x + 16. What is the tens digit of l?
1
Suppose b = 2*b - 3*w + 3, -3*b + 4*w = -11. Let t be (6/(-4))/(b/(-78)). Suppose 0*y + y = t. What is the tens digit of y?
1
Let k = 5759 - 3466. What is the hundreds digit of k?
2
Let h(a) = -a**3 - 4*a**2 + 7*a - 8. Let p be 9/15 + (-216)/(-15). Let g = 9 - p. What is the tens digit of h(g)?
2
Let j = -289 + 634. Suppose -j = -b - 2*b. What is the units digit of b?
5
Let y be (-1 - (-3 + 3))*-2. Suppose 0 = y*i - 270 + 6. What is the hundreds digit of i?
1
Let u be 6/(-33) - (-228)/44. Suppose 3*v - 81 = 3*x, 75 = u*v - 4*x - 64. What is the tens digit of v?
3
Let c(i) = i**3 + 11*i**2 + 9*i - 7. Let p be c(-10). Let f(n) = 3*n**3 - 4*n**2 + 1. Let h be f(p). Let t = h + -15. What is the units digit of t?
1
What is the tens digit of 481 - ((-42)/8 + 25/100)?
8
Suppose 0 = 5*b - 3199 - 141. What is the units digit of b?
8
Let u be (-1)/((-3)/(2 - -1)). Suppose 0*k - k = 8. Let r = u - k. What is the units digit of r?
9
Let c(v) = v**2 + v + 2. Let w be c(2). Let k = 3 - w. What is the tens digit of k/((-36)/(-20) + -2)?
2
Let x(t) = t**2 - 7*t + 16. Let m be x(5). Suppose 336 = 12*f - m*f. What is the tens digit of f?
5
Suppose -3*p - 406 = -c, 3*c - 1170 = 4*p - 7*p. What is the units digit of c?
4
Suppose -t = o + 2*o - 15, 2*o - 10 = -5*t. Suppose -2*c - 3*c + 470 = t. Suppose 6*v - 26 = c. What is the tens digit of v?
2
Suppose d = 4*t - 2*d + 4, -5*t = -2*d - 2. What is the units digit of t/12*-1 + (-248)/(-48)?
5
Suppose -4*w + 394 = -3*m, 404 = 4*w - 6*m + 8*m. What is the tens digit of w?
0
Let n(t) = -t**2 + 11*t - 4. Let c be n(11). What is the hundreds digit of (45 + -4)/(c/(-12))?
1
Let x(q) = 273*q**2 - 9*q + 31. What is the tens digit of x(3)?
6
Let s = -41 - 176. Let q = -27 - s. What is the units digit of q?
0
Let c be ((-1165)/(0 + -5))/(1 - 0). Let r = c + -144. What is the units digit of r?
9
Let z(p) = 3*p**3 - 5*p**2 - 18*p - 60. What is the tens digit of z(8)?
1
Suppose 0 = j + 12*q - 16*q - 14, 0 = -4*j + 3*q + 17. What is the units digit of j?
2
Let r(i) = i**2 - 6*i - 59. What is the units digit of r(-17)?
2
Let g(k) = -k**2 + 11*k**2 + 3*k - 3*k